, -3*s + 3 - 8 = 5*j. Calculate the remainder when 8 is divided by p(j).
2
What is the remainder when 13 is divided by 2/(-4)*(12 - 8) - -9?
6
Let b(u) = 4*u**2 - 15*u + 22. Let k(r) = 3*r**2 - 16*r + 21. Let c(p) = 2*b(p) - 3*k(p). What is the remainder when c(8) is divided by 21?
19
Suppose -123 = -3*b - 51. Let w = 14 - 3. Suppose w + 2 = y. What is the remainder when b is divided by y?
11
Let h = 38 - 6. What is the remainder when h is divided by 7?
4
Let q(l) = l**3 + 6*l**2 - 7*l + 8. Let g be (-38)/6 + 2/(-3). What is the remainder when 29/2 + 1/(-2) is divided by q(g)?
6
Suppose -4*g - 158 = -2*s, -338 = -5*s - 4*g + 1. Suppose -3*m + s = 8. Calculate the remainder when m is divided by 12.
9
Let c = 29 + 11. What is the remainder when c is divided by ((-8)/20)/(4/(-140))?
12
Suppose -62 = -n - n. What is the remainder when n is divided by 16?
15
Suppose y - 38 = -4*t, -2*t - y - 2*y + 24 = 0. Calculate the remainder when 42 is divided by t.
6
Suppose 4*j = -d + 7 + 82, 109 = 4*j + 5*d. What is the remainder when j is divided by (-22)/(-4)*-2*-1?
10
Suppose n - 5 + 3 = 0. Suppose f = -3*k + 48, -2*f + n*k + 19 + 45 = 0. Calculate the remainder when 105 is divided by f.
33
Suppose 5*y - 40 = 3*y. Calculate the remainder when y is divided by 14.
6
Let x(t) = t - 1. Let c be x(4). Suppose 6*z - 110 = z - 4*b, -c*b + 37 = 2*z. Let m(p) = p**2 + 5*p + 8. What is the remainder when z is divided by m(-6)?
12
Let d = -151 - -226. What is the remainder when d is divided by 20?
15
Let v be (-165)/(-6)*(-8)/(-10). Let d = v + -15. What is the remainder when 25 is divided by d?
4
Let q(w) = -2*w - 3. Let v be q(-3). Suppose i = v*i - 38. Calculate the remainder when i is divided by 11.
8
Let k(r) = 4*r + 1. Suppose -4*p + p + 204 = -3*l, 2*l = 3*p - 201. Suppose -3*u - p = -5*c, -c = u - 13 - 0. What is the remainder when k(6) is divided by c?
12
Let h(c) = c**2 + 6*c - 2. Let n = -7 - -24. Calculate the remainder when n is divided by h(-7).
2
Suppose 5*u - 9 = 2*u. Suppose -128 = -u*b - 44. Suppose 0 = -2*x + 5*x - 30. What is the remainder when b is divided by x?
8
Let j(o) = 12*o**2 + 1. Let p(v) = -v**3 + 23*v**2 + 3*v - 18. Calculate the remainder when p(23) is divided by j(-1).
12
Let t(o) = 20*o**2 - 11*o - 3. Let z(q) = 7*q**2 - 4*q - 1. Let s(d) = 6*t(d) - 17*z(d). Calculate the remainder when (1/1)/(3/123) is divided by s(3).
13
Let l(r) = 8*r**2 - 2*r + 1. Let i be ((-5)/(-15))/((-1)/(-6)). Calculate the remainder when l(i) is divided by 16.
13
Suppose 5*j = 15, 63 = 2*c + 2*c + j. What is the remainder when 26 is divided by c?
11
Let v be 5*-1*(-1)/1. Suppose -5*i + 10 = -v*r, -3*r + 0*r = -12. Suppose 6*m - m = 80. What is the remainder when m is divided by i?
4
Let x(r) be the first derivative of r**4/2 + r**3/3 - r**2/2 - 1. Let a be x(1). Suppose g = -a*g + 42. Calculate the remainder when 40 is divided by g.
12
Suppose 5*p + 5*a + 15 - 120 = 0, 29 = p - a. Calculate the remainder when p is divided by 9.
7
Suppose 5*u = 15, -4*n + 2*u = -17 + 3. What is the remainder when n is divided by 4?
1
Suppose 2*k + 24 = -f, -5*k + 20 = -4*f - 37. Let u = f - -36. Suppose 0 = -3*c - 6 + 36. What is the remainder when u is divided by c?
8
Let p(o) = -4*o - 2. What is the remainder when 39 is divided by p(-4)?
11
Suppose 0 = 4*q + 4*z + 53 + 23, 4*q - 4*z = -36. Let r = q - -62. Let v = r - 24. What is the remainder when 46 is divided by v?
22
Let i(w) = -4*w - 1. What is the remainder when 0*4/16 - -28 is divided by i(-4)?
13
Let t = -41 + 47. Calculate the remainder when t is divided by 5.
1
Let g = 63 - 37. Suppose -n + 3 + g = 0. Calculate the remainder when n is divided by 8.
5
Let w = -14 - 8. Let z = 41 + w. What is the remainder when z is divided by 7?
5
Suppose -t - 45 = 3*c - 6*c, 2*t + 62 = 4*c. Calculate the remainder when 24 is divided by c.
10
Let u be 192/(-10)*(-10 - 0). Suppose 2*d + 24 = u. Suppose 2*m - d = -m. What is the remainder when m is divided by 10?
8
Let y = 4 - -30. Suppose -5*d - 20 = 0, 0 = -2*f + 3*d - d + y. What is the remainder when 24 is divided by f?
11
Suppose 0 = 4*o + 3*l - 4*l + 91, l + 53 = -2*o. Let d = 10 - o. Suppose 0*b + 24 = 2*b. Calculate the remainder when d is divided by b.
10
Let r(l) = -l**2 - 1. Let v be r(2). What is the remainder when (-16)/(-2) - 0/v is divided by 5?
3
Suppose -4*c - 28 = -2*z, 3*z - 4*c - 63 = -5*c. What is the remainder when 38 is divided by z?
18
Suppose 5*v = 40 + 40. Suppose -v - 28 = q. What is the remainder when 2/(-6) + q/(-6) is divided by 4?
3
Suppose -4*q - 28 = -3*i, -9 = 3*i + 5*q - 55. What is the remainder when 4/(-8) - 94/(-4) is divided by i?
11
Let a(b) = -b**3 + 3*b**2 - 3. Suppose 2*x + 5*v + 0*v = 26, 39 = 3*x + 2*v. Calculate the remainder when a(-3) is divided by x.
12
Suppose 3*x - 6*x = -15. Suppose a = -5*k + 44, -x*a + 153 = k - 19. What is the remainder when a is divided by 18?
16
Let s(n) = -62*n**3 + n. Calculate the remainder when s(-1) is divided by 13.
9
Let m be (-4)/(-10) + 12/20. Calculate the remainder when 83 is divided by -3 + (3 + 28)/m.
27
Let j(r) = 13*r + 1. Let o be j(1). Let l = 692 - o. What is the remainder when 2/(-7) + l/21 is divided by 17?
15
Let x = 1 - 2. Let y(t) = t**3 + 4*t**2 - 3*t + 6. Let g be y(-5). Calculate the remainder when (-74)/g + x/(-2) is divided by 10.
9
Suppose -32 - 61 = -3*a. Calculate the remainder when a is divided by 11.
9
Let s(y) = y + 27. Calculate the remainder when 14 is divided by s(-19).
6
What is the remainder when (-3 + 2)*5/(2 + -3) is divided by 3?
2
Let x(j) = j**3 - 7*j**2 - j + 3. Let f be x(5). Let l = f + 6. What is the remainder when 45 is divided by (-3 + 0)*l/6?
22
Let p(t) = -3*t + 8. What is the remainder when p(-3) is divided by 5?
2
Suppose 2*j - 100 = -0*j. Suppose -3*u + j = 4*y, 0 = -6*u + u - 10. What is the remainder when y is divided by 5?
4
Suppose -1 = 2*h - 5. Let j be 42/(-5) + h/5. Let w = -5 - j. What is the remainder when 5 is divided by w?
2
Suppose 7*k - 41 = 8. Suppose -p = -2*j + 108, -3*j + p + 153 = -k. What is the remainder when j is divided by 18?
16
Suppose 31 = 2*c - 9. Calculate the remainder when c is divided by 3*(-5 - 78/(-9)).
9
Suppose q = 4*r - 7*r + 18, 4*q + 3*r = 90. Suppose 6*a - 3*a - 39 = 0. Calculate the remainder when q is divided by a.
11
Let b be ((-4)/(-6))/((-4)/(-138)). Let a = 82 - b. Suppose 25 + 35 = 3*m. What is the remainder when a is divided by m?
19
Let l = 1 - -3. What is the remainder when 15 is divided by l?
3
Suppose 3*q + 6 = 5*q. Suppose o + 1 = 3*k, 4*o - 2*k - 64 + 18 = 0. What is the remainder when 29 + -1*q/1 is divided by o?
12
Let g = -26 - -43. Let o be (-34)/(-10) + (-3)/(-5). What is the remainder when o/14 + (-1145)/(-35) is divided by g?
16
Let z = 6 + 1. Let c(g) = z + g - 2*g + 2. Calculate the remainder when c(-9) is divided by 10.
8
Calculate the remainder when -8*((3 - 6) + -8) is divided by 13.
10
What is the remainder when 8/(-2) + (-3 - -41) + -1 is divided by 9?
6
Let g(n) = 5*n**2 + 3*n - 3. What is the remainder when 63 is divided by g(-3)?
30
Let m be ((-6)/15)/(3/(-15)). Suppose 0 = a - 5*d - 31, -a + d - 1 = -m*a. Calculate the remainder when a is divided by 2.
0
Suppose -3*u + 20 = u - 2*k, u + 17 = -5*k. Suppose -3*b + 25 = 5*m, b + 4 = -m + 7. Calculate the remainder when m is divided by u.
2
Let c = -4 + 22. Suppose -11*h + 7*h = -140. What is the remainder when h is divided by c?
17
What is the remainder when (-377)/(-7) + (-1)/(-7) is divided by 11?
10
Suppose 234 = v + v. Suppose 2*a + a = v. Calculate the remainder when a is divided by 20.
19
Let w = 5 - -7. Suppose 8*v + 14 = 2*c + 9*v, 4*v = 3*c + 1. Calculate the remainder when w is divided by c.
2
Suppose -n = -3*w - 14, -3*n = 3*w - 12 - 6. Let t = 53 - 22. What is the remainder when t is divided by n?
7
Suppose 0 = -3*z - 2*u - 11 - 7, 5*u + 23 = -2*z. Suppose -r - 146 + 162 = 0. Calculate the remainder when z/3*(-69)/2 is divided by r.
14
Let k(s) = s**3 + 5*s**2 + s + 2. Let c be k(-3). Suppose p + 3 = c. What is the remainder when 68 is divided by p?
12
Suppose 0 = g + 3*g. Suppose -4*i + 3*c + 459 = g, 2*c - 455 = -4*i + c. What is the remainder when i is divided by 29?
27
What is the remainder when 40*((-88)/(-20) - 4) is